?
0
What is the hundreds digit of 514432740?
7
What is the tens digit of 21285818?
1
What is the units digit of 135251511?
1
What is the units digit of 347035548?
8
What is the hundreds digit of 776538625?
6
What is the tens digit of 95207686?
8
What is the tens digit of 353395588?
8
What is the hundreds digit of 4044147?
1
What is the hundred millions digit of 152756125?
1
What is the hundred thousands digit of 1274830483?
8
What is the units digit of 51203861?
1
What is the hundred millions digit of 394926683?
3
What is the ten millions digit of 89628809?
8
What is the tens digit of 77322008?
0
What is the hundred thousands digit of 24275551?
2
What is the hundred millions digit of 194221454?
1
What is the ten thousands digit of 247231695?
3
What is the ten millions digit of 1730757085?
3
What is the hundred thousands digit of 135280019?
2
What is the ten thousands digit of 67468644?
6
What is the millions digit of 1447126?
1
What is the ten thousands digit of 30959356?
5
What is the units digit of 254896421?
1
What is the thousands digit of 4727050528?
0
What is the ten thousands digit of 357035655?
3
What is the tens digit of 184574648?
4
What is the millions digit of 7285217814?
5
What is the ten millions digit of 146306025?
4
What is the tens digit of 63289310?
1
What is the ten thousands digit of 2701441?
0
What is the ten thousands digit of 72451354?
5
What is the millions digit of 42002500?
2
What is the ten millions digit of 291548374?
9
What is the ten thousands digit of 421599509?
9
What is the units digit of 99523252?
2
What is the ten millions digit of 171626769?
7
What is the millions digit of 465602762?
5
What is the billions digit of 1453953755?
1
What is the tens digit of 320299974?
7
What is the hundred thousands digit of 917214259?
2
What is the units digit of 6468446589?
9
What is the ten millions digit of 101253094?
0
What is the ten millions digit of 1859190841?
5
What is the units digit of 183201202?
2
What is the hundred thousands digit of 37299916?
2
What is the hundred millions digit of 4951208292?
9
What is the thousands digit of 18707039?
7
What is the hundred thousands digit of 3968027856?
0
What is the units digit of 797579731?
1
What is the billions digit of 1349140553?
1
What is the units digit of 36787474?
4
What is the ten thousands digit of 202992953?
9
What is the ten millions digit of 2260274793?
6
What is the thousands digit of 36062228?
2
What is the thousands digit of 113705026?
5
What is the units digit of 26992901?
1
What is the hundreds digit of 200836508?
5
What is the ten thousands digit of 8746877514?
7
What is the thousands digit of 28133397?
3
What is the ten thousands digit of 787559230?
5
What is the thousands digit of 927083570?
3
What is the ten millions digit of 15909265?
1
What is the hundred millions digit of 1792326836?
7
What is the hundred millions digit of 150813369?
1
What is the tens digit of 5249440477?
7
What is the ten millions digit of 127007241?
2
What is the units digit of 123106774?
4
What is the tens digit of 81828254?
5
What is the hundred millions digit of 1357430797?
3
What is the units digit of 484262274?
4
What is the hundreds digit of 77419747?
7
What is the millions digit of 249800810?
9
What is the billions digit of 3195402327?
3
What is the hundred thousands digit of 77101935?
1
What is the millions digit of 590652049?
0
What is the thousands digit of 182923143?
3
What is the millions digit of 247897423?
7
What is the hundreds digit of 14793428?
4
What is the millions digit of 48422727?
8
What is the thousands digit of 3191910?
1
What is the ten millions digit of 7526840432?
2
What is the tens digit of 571926081?
8
What is the ten millions digit of 229534370?
2
What is the ten thousands digit of 39013719?
1
What is the hundred thousands digit of 287224972?
2
What is the ten millions digit of 361548732?
6
What is the ten thousands digit of 1868014322?
1
What is the hundred thousands digit of 58099018?
0
What is the ten millions digit of 109879118?
0
What is the millions digit of 3155042735?
5
What is the ten millions digit of 243375298?
4
What is the tens digit of 54493757?
5
What is the thousands digit of 43077427?
7
What is the hundred thousands digit of 28686780?
6
What is the hundreds digit of 121399927?
9
What is the units digit of 2656246?
6
What is the ten millions digit of 15535092?
1
What is the thousands digit of 175819885?
9
What is the hundreds digit of 29131834?
8
What is the billions digit of 2715065417?
2
What is the ten millions digit of 40516627?
4
What is the ten thousands digit of 73248423?
4
What is the thousands digit of 156131527?
1
What is the hundred thousands digit of 24947075?
9
What is the millions digit of 136090945?
6
What is the hundred thousands digit of 62159924?
1
What is the hundreds digit of 34601173?
1
What is the ten millions digit of 29424944?
2
What is the hundred thousands digit of 7527408?
5
What is the hundreds digit of 29583378?
3
What is the hundred millions digit of 173458559?
1
What is the thousands digit of 201674461?
4
What is the hundreds digit of 64467617?
6
What is the ten millions digit of 16751150?
1
What is the hundreds digit of 146992286?
2
What is the hundred millions digit of 337788383?
3
What is the billions digit of 1741047867?
1
What is the millions digit of 2014850582?
4
What is the units digit of 3169656840?
0
What is the hundreds digit of 322701040?
0
What is the ten millions digit of 1798051395?
9
What is the millions digit of 3908551063?
8
What is the ten millions digit of 172572214?
7
What is the ten millions digit of 266738294?
6
What is the hundred thousands digit of 4892360?
8
What is the hundreds digit of 310125654?
6
What is the units digit of 635609917?
7
What is the ten millions digit of 726598806?
2
What is the units digit of 330804309?
9
What is the ten millions digit of 2900603585?
0
What is the hundred thousands digit of 771589937?
5
What is the units digit of 2629420559?
9
What is the hundred millions digit of 620299731?
6
What is the units digit of 88218708?
8
What is the ten thousands digit of 25711694?
1
What is the ten thousands digit of 38554828?
5
What is the ten thousands digit of 33278565?
7
What is the ten thousands digit of 2202799472?
9
What is the millions digit of 28896533?
8
What is the millions digit of 119139755?
9
What is the hundreds digit of 1051561048?
0
What is the ten millions digit of 59385421?
5
What is the ten millions digit of 573600541?
7
What is the hundred thousands digit of 20102915?
1
What is the ten thousands digit of 5615313927?
1
What is the units digit of 97710420?
0
What is the tens digit of 394105277?
7
What is the tens digit of 75986911?
1
What is the ten thousands digit of 378201268?
0
What is the thousands digit of 1509988740?
8
What is the ten thousands digit of 777303915?
0
What is the hundred millions digit of 3834644266?
8
What is the millions digit of 2649855866?
9
What is the hundred millions digit of 1129746942?
1
What is the units digit of 671936299?
9
What is the ten thousands digit of 7805067?
0
What is the tens digit of 85360841?
4
What is the ten thousands digit of 36673831?
7
What is the thousands digit of 715923794?
3
What is the ten millions digit of 421574266?
2
What is the units digit of 371119794?
4
What is the hundred millions digit of 1544182187?
5
What is the millions digit of 160850203?
0
What is the units digit of 305789513?
3
What is the ten millions digit of 134795624?
3
What is the units digit of 1863499601?
1
What is the tens digit of 1910053109?
0
What is the hundred thousands digit of 7818506?
8
What is the hundreds digit of 40620124?
1
What is the tens digit of 1291318718?
1
What is the hundred thousands digit of 122137869?
1
What is the tens digit of 278670681?
8
What is the ten thousands digit of 159091363?
9
What is the thousands digit of 4647160954?
0
What is the ten millions digit of 385585482?
8
What is the hundred millions digit of 403936500?
4
What is the ten millions digit of 8227962177?
2
What is the ten thousands digit of 47870763?
7
What is the millions digit of 60100326?
0
What is the units digit of 567943540?
0
What is the tens digit of 167644981?
8
What is the ten millions digit of 312436474?
1
What is